- (8 + -11)?
3
Calculate 35 - 6 - 2 - -9.
36
What is 1 + (1 - 10) - (-93 + 36 - -67)?
-18
(-6 - -12) + 2 + -6
2
Calculate -18 + (5 - -6) + (-18 - -16).
-9
30 + 4 + (7 - 2) + -17
22
Evaluate (-4 + 7 + -21 - -14) + 24.
20
(-33 - -34) + (2 + (-3 - -2) - -1)
3
Evaluate (-29 - -14) + 37 - 14.
8
What is -11 + 14 - -5 - (15 + -1)?
-6
25 + -34 - (-17 - ((0 - -6) + -1))
13
Calculate 6 - 4 - -4 - (-18 - -22).
2
What is the value of (-29 - 32 - -21) + 3?
-37
-26 + (-14 - (28 - 43))
-25
0 - -1 - ((5 - (9 - 33)) + -7)
-21
What is -4 - -11 - (35 - (-18 + 8)) - -5?
-33
What is the value of -2 - -2 - -16 - (-61 - -71)?
6
What is the value of 1 - (-4 + 0) - -2 - 7?
0
What is -18 + -28 + 16 + 9 + (-1 - -8)?
-14
Evaluate 10 + (-1 - (34 - 2)) + 10.
-13
What is the value of 18 + -1 + (37 - 84 - -48)?
18
Calculate 10 + 0 + 0 - (12 - 8).
6
1 + -1 + 35 - (2559 + -2554)
30
Calculate -7 - ((-12 - -3) + 6).
-4
(-18 - (0 + -41)) + -15
8
Calculate 5 + 4 + -28 + 9 - 9.
-19
Evaluate (59 - 67 - ((2 - 7) + 2)) + 8.
3
Evaluate (-13 - 5 - -10) + 6 - -8.
6
Calculate -3 + 17 + -14 + 14.
14
Evaluate 5 + -10 + 3 - (-3 - (4 - 12)).
-7
Evaluate 14 + (-13 - -20) - 24.
-3
Calculate (0 - 1 - -9) + 148 + -147.
9
What is the value of -509 - -481 - (-1 + -34)?
7
Calculate 5 + (-1 - 3 - -11 - 4) + -1.
7
Evaluate -1 - -8 - (-33 - -47).
-7
What is -6 - (1 + -23) - 16?
0
What is 74 - 53 - ((6 - 11) + 18)?
8
Evaluate -2 + 19 + -5 + -12.
0
Calculate 8 - ((10 - -1) + -1).
-2
-1 + -1 + 129 + -121 + (-4 - 2)
0
Calculate -9 - -18 - (-6 - -3) - 12.
0
What is the value of -3 - (-39 + 9 - 0 - -11)?
16
46 + -56 + (21 - 1) + 10
20
What is (1 - 1 - 3) + 82 + -116 + 43?
6
What is 670 + -630 - (-3 + (12 - -3))?
28
Calculate 4 + -26 + (5 + -14 - (-11 - 5)).
-15
Calculate 2 + -28 + 66 + -37.
3
7 + -3 + 1 - (5 + 13)
-13
Evaluate 12 + 2 - ((7 - -27) + -11).
-9
What is the value of 0 + (-3 - 7 - (29 + -34))?
-5
What is the value of (5 - (9 + -10) - -2) + 9?
17
Evaluate -74 + 99 + (7 + -1 - 5 - 6).
20
What is -4 + 5 - (-18 + 1)?
18
3 - 17 - 4 - -12
-6
What is the value of -7 - -1 - (-13 - -6) - 4?
-3
What is 15 + (3 + (-6 - -6) - 5)?
13
Evaluate (1 - 1) + (-31 - -8 - -23).
0
Calculate -1 + -17 + (4 - -8) + 2.
-4
18 - (6 - (0 + -9))
3
Calculate (2 - -16) + 13 + -13 - 6.
12
Calculate 12 - 0 - (-16 + 0 - (-256 + 245)).
17
Evaluate 1 + 7 - (-2 + 11 - 8).
7
Calculate -3 + (3 - (5 - 4) - (-20 + 18)).
1
Evaluate -9 - (-2 + 1 - (-28 + 26 + 6)).
-4
What is the value of 2 - ((17 - 16) + 18)?
-17
Evaluate -8 + (-12 - (-21 - -13)).
-12
(9 - 2) + -7 - -10
10
18 + 13 + -28 + (9 - 2 - -2)
12
What is the value of -4 + (17 - -1 - 13) + 9?
10
What is the value of (6 - 6) + 3 + -3 + -8?
-8
Evaluate (-5 - (3 - 6)) + (-3 - 11) + 2.
-14
Calculate (13 - 2) + (-57 - -41) + (2 - -7).
4
Calculate -12 + (-40 - -35) + (-1 - -14) - -16.
12
What is 6 - 14 - (-8 - -2) - 9?
-11
Evaluate -5 + 25 + -4 - 25.
-9
What is the value of (7 - (2 - (4 - 2 - -5))) + -5?
7
What is -10 + (-1 + -8 - 0) + 28?
9
-3 + (-5 + 7 - -16)
15
-4 + -4 - (-21 + 8 - 3)
8
What is the value of -14 + 14 + 17 + -13 + (3 - 0)?
7
What is the value of 35 + (25 - -7 - 52)?
15
22 - 17 - ((2 - -2) + 1 + 0)
0
What is -2 - (4 - (7 + -12 - -8))?
-3
What is the value of (1 + 12 - (-36 - -42)) + -7?
0
Evaluate 5 + (-2 - -3) + (-19 - (16 - 40)).
11
(7 - 0) + -1 - (238 + -225) - 3
-10
-1 + (-5 - (17 - 9) - 2)
-16
Evaluate -83 - -80 - (4 - 12).
5
What is -2 + 13 + 23 - 15?
19
Evaluate -3 - 10 - (6 - (-5 - -1)).
-23
What is -9 - (36 + -22) - -7?
-16
What is the value of 21 - (-15 - -4 - -19)?
13
Evaluate 9 + -16 + -4 + (0 - -1) + 3.
-7
What is the value of (20 - 10 - (3 + 0) - -7) + 2?
16
Calculate 0 + 1 + 6 - 0 - (519 + -518).
6
Evaluate -24 + -13 + 22 + 16 - (-2 - 10).
13
What is the value of -5 + -4 - (17 - 37)?
11
Calculate -5 - -2 - (-47 - -59).
-15
What is the value of -7 + 9 - (18 - -10)?
-26
What is -12 - -13 - (-12 + 11 + 7)?
-5
What is 2 + (-16 - (16 + -11))?
-19
Evaluate -5 + 0 + -249 + 287 + -16.
17
What is -14 - 0 - (268 + -261)?
-21
5 + 0 + -7 + 6 - 3
1
Evaluate -364 - -386 - ((0 - -2) + (-1 - 9)).
30
What is the value of 2 + 27 - (-615 + 625)?
19
1 - -4 - (5 - 12)
12
Calculate -3000 + 3013 + (-20 - (-1 - 1)).
-5
Calculate (-14 - (-27 + 8)) + -3.
2
What is -23 + (4 - -1) + -7?
-25
What is the value of -37 - 2 - -2 - (-2118 - -2114)?
-33
Evaluate 20 + -24 + -5 - 3.
-12
What is 7 - 1 - (21 + -17 + 5 + 9)?
-12
Evaluate 10 + (6 - 13) + (5 - 12).
-4
Calculate 10 + (-11 - (-16 - (-6 + 0)) - 4).
5
Evaluate -7 + (-5 - (10 + -12)) - (-12 - -8).
-6
What is (7 - (-13 + 21)) + (-2 - 0) - -4?
1
Evaluate -4 - -11 - ((-1 - 1) + 100 + -98).
7
Calculate 16 + -5 - (24 - (13 - -2)).
2
What is 0 + -20 + 25 + 13 + 1 + 6?
25
What is the value of -26 - (-22 + 1 + -11)?
6
17 + (2 - (-6 - -3 - -12))
10
What is the value of -1 + (-9 - -9 - 4 - -4 - -4)?
3
Evaluate (-10 - 3) + -9 + 12.
-10
Evaluate -26 + 42 + -10 - 13.
-7
What is -12 - (-25 + 19) - (-41 - -2 - -1)?
32
What is (2 + 4 - (-4 + 3)) + -6 - -9?
10
-11 + (2 - (3 - 9) - 6) + 3
-6
13 + 3 + -30 + 19
5
Calculate 5 + 20 + 3 + -4 - 8.
16
-1 + (-8 - (123 + -127 + -1 + -7))
3
6 + -2 + (73 - 65)
12
What is the value of 43 + (32 - (-6 + 75))?
6
Calculate (0 + -3 + 2 + 12 - -1) + -1.
11
What is 6 + (-9 - -19) + 4 + -5?
15
What is the value of (-9 - -30) + (-1 + -13 - -4)?
11
Evaluate -3 - (-4 + (-18 - -6)).
13
-21 - -52 - -8 - 20
19
What is the value of -20 - (24 - 5 - (7 + -1))?
-33
Calculate 13 - ((18 - 11) + 1).
5
Calculate -1 + -4 - (3 + -12 + 6).
-2
What is the value of (44 - 56 - (-3 - -3 - 0)) + -11?
-23
4 + 1 + -11 - (4 + (-2 - 1))
-7
(-4 - -13) + -13 - (12 + 3)
-19
Evaluate (1 - -14) + 65 + -69 + -21.
-10
(-6 + 15 - 0) + -5 - -9
13
What is (4 - ((-2 - 1) + 2)) + -11 + -4?
-10
23 + 11 + -38 + -11
-15
What is the value of -8 - (5 + -16 - (-5 - -3))?
1
Calculate -8 - (-55 + (1 - -35)).
11
-14 + 2 + (25 - 10)
3
27 + -24 + (-49 - -30)
-16
12 + 1 + -19 + (2 - 10)
-14
What is 11 + -1 - 25 - (-14 - -4)?
-5
What is the value of -1 + (-11 - -22) + -11 + 12 + -41?
-30
What is (-9 - -16) + 2 + -12 - (3 + 33)?
-39
-34 + -22 + 66 - (1 - 1)
10
Evaluate -26 + 36 + -29 - -56.
37
Evaluate (4 - (-4 - (-5 + (25 - 4)))) + -9.
15
-15 + 4 - (28 - 49)
10
Evaluate -7 + 0 - (-25 + -6 + 11).
13
What is the value of 11 - (11 + -8 + -3 + (-3 - -8))?
6
Evaluate -30 + (67 + -28 - -24).
33
Calculate 66 - 47 - (5 - 5).
19
-41 + 36 + 1 + -11 + 0
-15
Evaluate -110 + 133 + (-3 - (1 - 1)) + -8.
12
41 - 3 - (9 - (-2 - -11) - -8)
30
Calculate -5 - ((-1 - -18) + -25).
3
What is the value of (-106 - -114) + (-6 - 29)?
-27
Calculate 17 + 33 + -31 - -17.
36
Evaluate -24 + (-13 - -24) + -2 + 7.
-8
Calculate (-10 + -15 + 32 - 13) + -15.
-21
What is the value of (20 - (45 - 23)) + -13?
-15
What is (1 - 6) + 5 + (-9 - (-7 + -10))?
8
Evaluate (-29 + 9 - -4) + 8.
-8
What is (-20 - (-9 + -6)) + 20?
15
What is 18 + (1 - (38 + -13))?
-6
45 + (6 - 6) + -54 + 46
37
Calculate 16 - (4 - -9) - (42 + -19).
-20
What is -4318 - -4329 - (-8 + 0 + (0 - 2))?
21
Evaluate (3 - 1) + (-12 - 3) - (-24 + 20).
-9
Evaluate (2 + -2 - -1) + (9 - 8) + 6.
8
Calculate 9 - ((6 - (8 + 0 - 7)) + -13).
17
-67 + (64 - 20) + 35
12
What is the value of -32 + (8 - (14 - 25 - -7))?
-20
What is 0 - (-13 + 13 + -9)?
9
What is the value of -16 + 6 + (-2 - -5) + 1?
-6
What is -3 - ((4 - -13) + 9 - (0 + -2))?
-31
52 + -64 - (-9 - 1) - (5 - -1)
-8
Calculate -11 - (4 + -3 - (-7 + 4 + -3)).
-18
What is the value of 12 + 1 - (21 - (13 - 0)) - 6?
-1
0 + 22 - (-1152 + 1145)
29
-49 + (152 - 42) - 36
25
What is the value of (-3 - -2) + (39 - 22) - (2 - 0)?
14
11 - (-4 - (-7 + -6 + 11))
13
What is -20 + 3 - (2 + -8) - (-6 - 34)?
29
Evaluate 0 + 14 + (-142 - -153) - (2 + -10).
33
Evaluate -4 - ((-47 - -57) + -10 + 1).
-5
Evaluate -5 + (10 - 9) + 6 + 5 + 15.
22
What is the value of -17 - (16 + (9 - 27))?
-15
What is -13 + (-40 + 36 - 2)?
-19
What is the value of 8 - (16 - (-8 - -11)) - 7?
-12
14 - (5 + -4 + 4 + 3)
6
What is the value of (-1 - -16) + (0 - 1 - 0)?
14
Calculate -125 + 124 - (-1 + -13).
13
Evaluate -42 - -2 - (-66 - -46).
-20
What is -5 + (-6 - (1 + -15))?
3
Calculate 17 - (17 + 0) - (-1 + 1 - 1).
1
Calculate -11 + (81 - 75 - ((-3 - -5) + -24)).
17
-3775 - -3814 - ((1 - -11) + 1)
26
-2 + -6 + 1 + (5 - -1) + 10
9
What is (-68 